4)). List the prime factors of ((-5)/(w/(-8)))/(1/18).
2, 3
Suppose 9*g = 11*g + 396. Let v = g + 319. Suppose a - 124 = v. List the prime factors of a.
5, 7
Let y = -58 + 39. Let l = y - -19. Suppose 2*r - 3*i + 483 = 7*r, -5*i + 5 = l. What are the prime factors of r?
2, 3
Let n(l) = -2324*l + 107. List the prime factors of n(-3).
7079
What are the prime factors of (-1215)/(-27)*-1093*(0 + -2)/2?
3, 5, 1093
Let y = 53 + -115. Let d = 70 + y. List the prime factors of (114/8)/(10/d - 1).
3, 19
Let h = -2256 + 1507. Let x = -429 - h. What are the prime factors of x?
2, 5
Suppose -3*a = -30*a + 165554 + 563419. List the prime factors of a.
7, 19, 29
Let o = -5949 + 12609. Suppose 109*f = 118*f - o. List the prime factors of f.
2, 5, 37
Suppose -n - 47 = -4*d, d = -2*d - 4*n + 21. Let k be ((-2)/1)/(8 - d)*150. Let g = k - 48. List the prime factors of g.
2, 13
Suppose 0 = 144*u - 471342 - 234114. List the prime factors of u.
3, 23, 71
Suppose -121032 - 10875683 = -295*v. What are the prime factors of v?
37277
Let d be -15*(-2)/((-30)/(-9)). Let u(q) = -q**3 + 10*q**2 - 9*q - 3. Let i be u(d). What are the prime factors of (-140)/i + (-4)/6?
2, 23
Let a = -6487 - -11484. List the prime factors of a.
19, 263
Suppose -m = 3*m - 868. Suppose -2*l = -m - 1251. What are the prime factors of l?
2, 367
Suppose 113*s = 108*s - 9490. What are the prime factors of ((-3)/6)/(s/316 - -6)?
79
Let d = 211 - 71. Let s(f) = 53*f - 104*f + 50*f + d. What are the prime factors of s(0)?
2, 5, 7
Suppose 0 = -6*p + 10*p + 4*d - 37380, 5*p - 3*d = 46717. List the prime factors of p.
2, 73
Suppose -4*a + 3*s - 9 = 0, -5*a = -3*s + 6*s - 9. Suppose 1634*f - 1632*f - 906 = a. List the prime factors of f.
3, 151
List the prime factors of (-28)/24 - (-510460)/24.
2, 13, 409
Let g(t) = -t**3 + 7*t**2 - 2*t - 13. Let b be g(4). List the prime factors of (-6)/b - 21*938/(-189).
2, 13
Let p be -10*4/(-10)*35/28. Suppose a + p*t = 1489, 4*t + 1644 = 2*a - 1404. List the prime factors of a.
2, 757
Let v be 2/8 - ((-45)/(-20) - 2). Suppose v = -3*k - 3*h + 1047, 3*h = k - 0*k - 349. List the prime factors of k.
349
What are the prime factors of -12 - (16 - 43780/5)?
2, 1091
Let k = -108 - -215. Let i = k - 44. List the prime factors of i.
3, 7
Suppose -q = -3*x - 7673, -16*q + 11*q + x = -38407. List the prime factors of q.
2, 23, 167
Suppose 36 = -23*v + 19*v. Let k = 29 + -19. What are the prime factors of ((-1240)/k)/((-12)/v - 2)?
2, 3, 31
Suppose -4*d + 14782 = 3*o - 5*o, -d = 5*o - 3690. Suppose 7*p - 9540 = -d. List the prime factors of p.
5, 167
Let l = 129 - 125. Suppose -2*b + 913 = -10*f + 5*f, -b + l*f + 455 = 0. Suppose -b - 598 = -7*a. What are the prime factors of a?
151
Suppose 2*i - 25 + 13 = h, 0 = h + i - 3. Suppose -5*d + 325 = 4*n - n, -d = -3*n - 47. Let w = d + h. What are the prime factors of w?
2, 3, 5
List the prime factors of ((-4)/16)/(87/(-352524)).
1013
Suppose -1171329 = -78*w - 757054 + 995497. List the prime factors of w.
2, 7, 1291
Suppose x + 10 = -c + 28, -15 = -c + 2*x. Suppose 2*q + 2042 = -14*l + c*l, 5*q = 5*l - 3405. What are the prime factors of l?
2, 5, 17
Let m(y) = y**3 - 6*y**2 + 2*y - 12. Let s be m(6). Suppose -o + s*o = 16. What are the prime factors of (-48)/(-4)*4/o*-26?
2, 3, 13
Let i(m) = 2*m + 6. Let l be i(4). Suppose -l = -2*k + 3*x, 3*k + 0*x - 10 = -x. Suppose k*v - 400 = -4*v. List the prime factors of v.
2, 5
Let y(x) = -x**2 + x - 3. Let l be y(0). Let u be (3 - 0) + l - 38*-7. Let v = u + -188. List the prime factors of v.
2, 3, 13
Suppose -3387807 = -37*c - 10*c. List the prime factors of c.
3, 8009
Suppose -6*i + 15 = 3. Suppose -2*w - 180 = -i*s, s = -2*s + w + 270. Let j = 6 + s. What are the prime factors of j?
2, 3
Let a be (0 - (2 + 3)) + 465 + 1. Let o = a + -341. What are the prime factors of o?
2, 3, 5
Let y = 56170 + -13033. What are the prime factors of y?
3, 4793
Suppose c + 4*w = 59, -2*c + 5*c + w = 166. Suppose -o + 468 = -c. What are the prime factors of o?
523
Let f(s) be the third derivative of 19*s**5/60 - 17*s**4/12 + 11*s**3/6 - 2*s**2 + 41. List the prime factors of f(-6).
29, 31
Suppose -6 = -4*y + 2. Let o(d) = -d**2 - 28*d - 52. Let h be o(-19). Suppose -j = y*w - 204, -4*j + 710 + h = -5*w. List the prime factors of j.
2, 103
What are the prime factors of (-15 + 41230/20)*(5 - 3)?
4093
Let s(a) = 1519*a**2 - 178*a - 353. What are the prime factors of s(-2)?
6079
Let h be 125/(-75)*(0 - 12). Let n(p) = p**3 - 19*p**2 + 5*p + 45. List the prime factors of n(h).
5, 109
Suppose 10*x - 80224 - 72776 = 0. List the prime factors of x.
2, 3, 5, 17
Suppose 5*f = 2*f, -12*w + 14*w + f - 42658 = 0. List the prime factors of w.
7, 11, 277
Suppose 4*n + 62 - 70 = 0. Suppose n*w - 18 = -14. Suppose 109 = w*v - 4*t - 63, 3*t - 391 = -5*v. What are the prime factors of v?
2, 5
Suppose 3*r - 4*f = -20, 8*r + 2*f - 10 = 6*r. Suppose r = 17*n - 7193 - 1681. List the prime factors of n.
2, 3, 29
Let o = 7 + 22. Let m = o + -25. Let p(a) = a**3 + 2*a**2 + 5*a + 3. List the prime factors of p(m).
7, 17
Let l be (2 + (-692)/(-12))*3*2. Suppose 0 = h - l - 518. What are the prime factors of h?
2, 3, 73
Let m be (-29)/(-2)*2*26. Let s be 38/(-152) - 1/(-4). Suppose -5*j + 3*g + 915 = s, -2*g + m = 4*j - 0*g. List the prime factors of j.
2, 3, 31
Let w be (-9212)/(-10) - (-1 + (-36)/(-30)). Let h = 1295 - w. What are the prime factors of h?
2, 11, 17
Let a be -1 + 93 - (20/10 - 2). Let w = a + -65. List the prime factors of w.
3
Let w(g) = 63*g**3 + 18*g - 80. List the prime factors of w(5).
5, 19, 83
Let h(b) = -2*b**3 + 155*b**2 - 47*b + 1275. What are the prime factors of h(76)?
15031
Suppose 3*i - 5*i + 20 = 3*h, -4*i = -4*h. Suppose 0 = -2*a + w + 1125, -i*a + 1384 + 860 = -4*w. List the prime factors of a.
2, 3, 47
Let d(a) = -a**3 - 8*a + 4. Let q be d(2). What are the prime factors of 7726/8 - (-3 - -8)/q?
2, 3, 7, 23
Suppose -4*k = -5*l + 65, 3 = -l - 5*k + 16. Suppose 0 = -4*n - 3*i + 76 - l, 3*i = 15. Suppose 45 = 13*x - n*x. List the prime factors of x.
3, 5
Let r = -451 - -791. Suppose 3*a + 0*a - 5*k - 358 = 0, -3*a + r = 4*k. List the prime factors of a.
2, 29
Let g = 20312 + -13249. List the prime factors of g.
7, 1009
Let s = -104 + 101. List the prime factors of 623 - (8 + s - 9).
3, 11, 19
Suppose -14233 = -21*r + 19*r - k, -10*r + 71171 = 3*k. What are the prime factors of r?
2, 3559
Suppose -5*q + u - 2 = -1, -u - 6 = 2*q. Let d be (4/(-22) + (-20)/11)*q. Suppose -d*b + 3*g + 157 = 0, 3*g + 77 = b - 6. What are the prime factors of b?
2, 37
What are the prime factors of (-19 + 39)*((-6)/8)/(12/(-772))?
5, 193
Let c be 0 + 4 + -3 - (-6)/2. Suppose 0 = x - f, -c*x - f = 2*f. Suppose -4*v + 16 = x, -5*v = 2*p + 3*p - 190. List the prime factors of p.
2, 17
Let d(l) = -l**2 - 2*l + 28. Let o be d(0). Suppose -13*q + o = -6*q. List the prime factors of ((-8)/q)/2*(-215 - 3).
2, 109
What are the prime factors of (8 - 9/(-6)*2) + 40180?
3, 13397
Let p = -346 - -158. Let z = p - -387. What are the prime factors of z?
199
Let m be ((-1)/(-8)*-2)/(58/(-464)). Suppose -v - 3509 = -5*x, 3*x + 5*v = m*x + 707. What are the prime factors of x?
2, 3, 13
Let c = 27506 + -14883. What are the prime factors of c?
13, 971
Let n(b) = -b**3 - 8*b**2 + b + 23. Let t be n(-9). Suppose 4*m - v = 1140, m - t - 190 = 3*v. List the prime factors of m.
3, 5, 19
Let x(f) = -f**3 - f - 6. Let i be x(-2). Suppose 0 = -4*p + 5*c + 32, i*c = 3*p + 16 - 40. Suppose -13*w + 980 = -p*w. What are the prime factors of w?
2, 7
Let k(t) = -t**3 + 9*t**2 + 19*t + 26. Let b be k(11). What are the prime factors of -2*(11655/6)/b?
3, 5, 37
Let z(s) = -s**3 - 31*s**2 + 40*s + 67. List the prime factors of z(-44).
3, 5, 313
Let g(l) = 1505*l**2 + 28*l - 27. Let c be g(1). Suppose -c = -4*b + 2394. What are the prime factors of b?
3, 5, 13
Suppose -3*k - 5*a + 23 = 0, -3*k + 20 = 35*a - 33*a. Suppose -4*n = -4*g - 3348, -g + 1 = k. List the prime factors of n.
2, 13
Suppose -3*k - 5*k = -40. Suppose 86 = -4*t - 5*i, -2*t = k*i + 25 + 23. Let o = 29 + t. List the prime factors of o.
2, 5
List the prime factors of ((7974/(-8))/((-6)/(-14)))/(174/(-696)).
3, 7, 443
Suppose 2*l + 2*s - 26 = 0, -3*s = 2*l - 7*s - 32. Let z = 8 - l. What are th